 4?
1133
What is 0 (base 15) in base 5?
0
What is -27 (base 14) in base 2?
-100011
What is 3 (base 11) in base 2?
11
1 (base 10) to base 14
1
-204 (base 11) to base 16
-f6
What is 121 (base 7) in base 6?
144
Convert -6 (base 13) to base 9.
-6
Convert -5 (base 7) to base 4.
-11
Convert 4 (base 14) to base 7.
4
Convert -102 (base 10) to base 7.
-204
-130 (base 4) to base 16
-1c
Convert 141 (base 7) to base 11.
71
What is 4 (base 10) in base 4?
10
What is 40 (base 7) in base 4?
130
What is 1b (base 15) in base 7?
35
23 (base 14) to base 13
25
Convert -25 (base 6) to base 4.
-101
What is -23 (base 8) in base 9?
-21
What is 10 (base 5) in base 7?
5
What is 2 (base 7) in base 10?
2
Convert 2 (base 8) to base 14.
2
Convert -24 (base 6) to base 14.
-12
Convert -56 (base 7) to base 11.
-38
-3 (base 13) to base 7
-3
Convert 0 (base 11) to base 5.
0
Convert -1 (base 9) to base 2.
-1
23 (base 5) to base 16
d
Convert 10303 (base 4) to base 8.
463
What is 533 (base 7) in base 4?
10031
233 (base 6) to base 14
69
Convert 2 (base 12) to base 11.
2
What is 5 (base 12) in base 16?
5
-3 (base 11) to base 3
-10
What is -7 (base 9) in base 10?
-7
10 (base 8) to base 14
8
Convert -110010 (base 2) to base 9.
-55
d (base 16) to base 14
d
Convert -243 (base 8) to base 2.
-10100011
What is 2 (base 10) in base 9?
2
Convert -134 (base 6) to base 7.
-112
Convert 21 (base 3) to base 16.
7
-2 (base 8) to base 3
-2
What is 501 (base 8) in base 15?
166
1b5 (base 12) to base 8
431
Convert 114 (base 5) to base 6.
54
What is 192 (base 11) in base 6?
1010
-144 (base 7) to base 15
-56
Convert 0 (base 7) to base 12.
0
11 (base 2) to base 10
3
What is -a4 (base 16) in base 15?
-ae
Convert 3 (base 13) to base 2.
11
Convert 4 (base 10) to base 5.
4
What is -250 (base 6) in base 14?
-74
What is -3 (base 16) in base 8?
-3
What is -120 (base 6) in base 5?
-143
Convert 103 (base 4) to base 7.
25
Convert -30 (base 4) to base 7.
-15
18 (base 10) to base 5
33
-53 (base 6) to base 2
-100001
Convert -157 (base 9) to base 16.
-85
What is -1023 (base 5) in base 10?
-138
-12 (base 6) to base 4
-20
What is 41 (base 7) in base 12?
25
-4 (base 14) to base 3
-11
-357 (base 9) to base 13
-199
Convert -16 (base 10) to base 14.
-12
-24 (base 5) to base 8
-16
Convert 5 (base 8) to base 14.
5
Convert -26 (base 8) to base 3.
-211
What is 4 (base 7) in base 5?
4
Convert -2 (base 16) to base 14.
-2
What is 5 (base 13) in base 16?
5
Convert -42 (base 15) to base 3.
-2022
What is 0 (base 8) in base 5?
0
-d (base 15) to base 13
-10
What is -9 (base 13) in base 9?
-10
c (base 14) to base 11
11
What is -4 (base 11) in base 14?
-4
4c (base 15) to base 6
200
Convert -8 (base 12) to base 10.
-8
What is 7 (base 10) in base 6?
11
What is -1 (base 11) in base 13?
-1
Convert 1 (base 5) to base 11.
1
What is -20 (base 3) in base 2?
-110
What is -65 (base 13) in base 5?
-313
3032 (base 4) to base 5
1311
Convert 14 (base 7) to base 5.
21
Convert 10000 (base 2) to base 13.
13
What is 0 (base 9) in base 15?
0
What is 2 (base 3) in base 13?
2
What is -17 (base 13) in base 14?
-16
-65 (base 12) to base 6
-205
What is -1020 (base 3) in base 2?
-100001
-d (base 14) to base 11
-12
What is -111 (base 3) in base 10?
-13
What is -5 (base 13) in base 15?
-5
Convert -5 (base 14) to base 13.
-5
Convert 11 (base 7) to base 2.
1000
201 (base 5) to base 16
33
1 (base 13) to base 2
1
2 (base 4) to base 2
10
Convert 10 (base 2) to base 7.
2
What is e7 (base 15) in base 3?
22001
Convert -3 (base 12) to base 2.
-11
Convert 67 (base 10) to base 6.
151
Convert 10 (base 7) to base 10.
7
-4 (base 10) to base 16
-4
Convert -7 (base 11) to base 3.
-21
Convert 61 (base 11) to base 15.
47
Convert -11 (base 14) to base 16.
-f
1 (base 9) to base 15
1
-1101 (base 2) to base 14
-d
24 (base 7) to base 6
30
Convert 13 (base 6) to base 14.
9
-4 (base 14) to base 10
-4
Convert 4 (base 8) to base 2.
100
What is 0 (base 12) in base 8?
0
-46 (base 16) to base 4
-1012
Convert 2d (base 14) to base 5.
131
What is 0 (base 12) in base 16?
0
Convert -4 (base 15) to base 6.
-4
-1 (base 7) to base 13
-1
What is 111011 (base 2) in base 6?
135
Convert 300 (base 8) to base 6.
520
Convert 13 (base 10) to base 13.
10
-11 (base 8) to base 9
-10
What is 10 (base 5) in base 8?
5
112 (base 3) to base 13
11
What is 1100 (base 2) in base 10?
12
Convert 0 (base 9) to base 13.
0
-10 (base 4) to base 2
-100
What is 0 (base 16) in base 9?
0
Convert -352 (base 6) to base 11.
-118
What is 2101 (base 3) in base 15?
44
2 (base 12) to base 15
2
What is 1 (base 12) in base 16?
1
Convert -4 (base 9) to base 8.
-4
0 (base 14) to base 11
0
Convert 276 (base 9) to base 2.
11100111
-302 (base 5) to base 2
-1001101
What is -231 (base 4) in base 11?
-41
-1a (base 13) to base 3
-212
What is -a (base 13) in base 10?
-10
Convert -27 (base 12) to base 16.
-1f
4 (base 13) to base 3
11
Convert -184 (base 10) to base 16.
-b8
-2 (base 8) to base 10
-2
What is 70 (base 9) in base 12?
53
What is -4 (base 7) in base 12?
-4
What is -2a (base 15) in base 16?
-28
What is -1004 (base 5) in base 11?
-108
-49 (base 13) to base 15
-41
-22 (base 15) to base 6
-52
Convert 1 (base 13) to base 2.
1
What is 12 (base 12) in base 15?
e
Convert 0 (base 13) to base 5.
0
What is 1 (base 15) in base 13?
1
What is -22 (base 12) in base 16?
-1a
What is -2 (base 3) in base 6?
-2
-37 (base 11) to base 12
-34
What is 3 (base 16) in base 4?
3
43 (base 7) to base 8
37
Convert -126 (base 13) to base 14.
-105
25 (base 7) to base 13
16
-3 (base 10) to base 5
-3
-43 (base 7) to base 6
-51
8 (base 16) to base 15
8
What is -c8 (base 15) in base 3?
-20222
Convert 2 (base 8) to base 15.
2
Convert 43 (base 6) to base 14.
1d
What is -10 (base 8) in base 11?
-8
-28 (base 10) to base 9
-31
Convert -133 (base 8) to base 2.
-1011011
200 (base 3) to base 4
102
What is bb (base 14) in base 16?
a5
What is 32 (base 5) in base 2?
10001
Convert 5 (base 10) to base 12.
5
What is -2 (base 16) in base 8?
-2
What is -9 (base 14) in base 3?
-100
Convert 0 (base 8) to base 12.
0
What is 2 (base 10) in base 2?
10
Convert 10000001 (base 2) to base 9.
153
Convert 1 (base 8) to base 12.
1
Convert 10010 (base 2) to base 9.
20
1 (base 2) to base 5
1
What is -ab (base 14) in base 10?
-151
-2004 (base 5) to base 14
-142
-87 (base 13) to base 12
-93
Convert 1 (base 10) to base 12.
1
What is 104 (base 7) in base 2?
110101
What is 2 (base 12) in base 11?
2
What is -8 (base 9) in base 8?
-10
Convert 4 (base 15) to base 4.
10
Convert 0 (base 6) to base 11.
0
0 (base 5) to base 11
0
What is -27 (base 14) in base 16?
-23
2 (base 13) to base 4
2
d (base 16) to base 8
15
What is 122 (base 3) in base 13?
14
Convert 55 (base 8) to base 9.
50
-61 (base 9) to base 8
-67
What is 2 (base 10) in base 2?
10
Convert -24 (base 11) to base 10.
-26
What is -4 (base 14) in base 15?
-4
14 (base 11) to base 3
120
What is 1111 (base 3) in base 5?
130
What is 57 (base 13) in base 6?
200
6a (base 12) to base 7
145
10000101 (base 2) to base 14
97
Convert 3 (base 12) to base 16.
3
What is -1 (base 15) in base 6?
-1
Convert 70 (base 10) to base 7.
130
Convert -1 (base 11) to base 7.
-1
Convert 10 (base 3) to base 14.
3
What is 3 (base 13) in base 14?
3
2 (base 14) to base 13
2
6 (base 14) to base 3
20
Convert -37 (base 9) to base 16.
-22
Convert -10 (base 4) to base 11.
-4
-25 (base 6) to base 16
-11
What is 11 (base 13) in base 7?
20
What is 100011 (base 2) in base 16?
23
101 (base 2) to base 15
5
Convert -3 (base 15) to base 2.
-11
45 (base 12) to base 11
49
Convert -3 (base 15) to base 11.
-3
7 (base 12) to base 8
7
What is 50 (base 13) in base 6?
145
Convert 0 (base 11) to base 13.
0
Convert -10010100 (base 2) to base 6.
-404
56 (base 9) to base 14
39
1111011 (base 2) to base 5
443
Convert 1 (base 3) to base 15.
1
Convert 34 (base 6) to base 10.
22
Convert 5 (base 16) to base 15.
5
1110111 (base 2) to base 9
142
Convert 11000011 (base 2) to base 6.
523
1a (base 15) to base 2
11001
113 (base 4) to base 2
10111
What is -34 (base 11) in base 12?
-31
What is 10 (base 3) in base 11?
3
Convert 49 (base 11) to base 5.
203
Convert 3 (base 16) to base 13.
3
Convert 0 (base 12) to base 14.
0
Convert 4 (base 13) to base 5.
4
2 (base 6) to base 2
10
Convert -22 (base 5) to base 2.
-1100
What is -24